 6553
What are the prime factors of 161748841?
859, 188299
What are the prime factors of 3364156339?
29, 2297, 50503
What are the prime factors of 640097006?
2, 53, 787, 7673
What are the prime factors of 559465779?
3, 239, 780287
What are the prime factors of 110793418?
2, 55396709
List the prime factors of 69110439.
3, 31, 743123
List the prime factors of 860286224.
2, 7, 17, 451831
What are the prime factors of 6275827224?
2, 3, 19, 37, 123989
List the prime factors of 120537988.
2, 30134497
What are the prime factors of 4813593172?
2, 47, 2141, 11959
List the prime factors of 16185881.
281, 57601
What are the prime factors of 41375116?
2, 43, 293, 821
List the prime factors of 181493259.
3, 60497753
List the prime factors of 2367695394.
2, 3, 23, 53, 35969
What are the prime factors of 1211312721?
3, 53, 7618319
What are the prime factors of 18061930?
2, 5, 1806193
What are the prime factors of 1176319247?
311, 3782377
What are the prime factors of 778305523?
149, 1511, 3457
What are the prime factors of 75379843?
7, 11, 521, 1879
What are the prime factors of 99722798?
2, 7, 7123057
What are the prime factors of 1212025671?
3, 2557, 52667
List the prime factors of 113179780.
2, 5, 7, 23, 35149
What are the prime factors of 1405738243?
7, 13, 163, 94771
What are the prime factors of 153136452?
2, 3, 7, 1823053
List the prime factors of 65222065.
5, 53, 246121
List the prime factors of 318493188.
2, 3, 13, 37, 6131
List the prime factors of 66194922.
2, 3, 11032487
List the prime factors of 245629618.
2, 13, 521, 18133
What are the prime factors of 299313631?
19, 53, 297233
What are the prime factors of 548716594?
2, 61, 467, 9631
What are the prime factors of 1590603911?
13, 122354147
List the prime factors of 54526822.
2, 7, 137, 28429
What are the prime factors of 566371062?
2, 3, 37, 467, 607
What are the prime factors of 648677115?
3, 5, 14415047
What are the prime factors of 1063870740?
2, 3, 5, 43, 45817
What are the prime factors of 16503842?
2, 29, 31, 67, 137
What are the prime factors of 8093010903?
3, 2697670301
What are the prime factors of 1646740197?
3, 182971133
List the prime factors of 917717093.
29, 59, 647, 829
List the prime factors of 4688514180.
2, 3, 5, 7, 499, 7457
List the prime factors of 1530922252.
2, 337, 1135699
What are the prime factors of 518234338?
2, 259117169
List the prime factors of 56634723.
3, 1439, 4373
List the prime factors of 843230622.
2, 3, 13, 29, 163, 2287
List the prime factors of 134104712.
2, 7, 79, 30313
What are the prime factors of 77493852?
2, 3, 2152607
List the prime factors of 17038560.
2, 3, 5, 7, 11, 461
What are the prime factors of 1976998232?
2, 11, 4129, 5441
List the prime factors of 20437595.
5, 53, 233, 331
List the prime factors of 247747921.
2693, 91997
What are the prime factors of 2663378546?
2, 229, 523, 11119
What are the prime factors of 60686152?
2, 19, 157, 2543
What are the prime factors of 586518652?
2, 10657, 13759
List the prime factors of 80628522.
2, 3, 13, 653, 1583
What are the prime factors of 419713588?
2, 7, 31, 483541
List the prime factors of 161434992.
2, 3, 17, 197837
What are the prime factors of 45464406?
2, 3, 13, 103, 5659
List the prime factors of 1086493786.
2, 7, 77606699
List the prime factors of 36132748.
2, 9033187
List the prime factors of 85093932.
2, 3, 7, 11, 19, 37, 131
What are the prime factors of 688710515?
5, 137742103
What are the prime factors of 56079881?
11, 13, 29, 13523
What are the prime factors of 5095188524?
2, 17, 29, 2583767
What are the prime factors of 5466477359?
7, 83, 521, 18059
What are the prime factors of 673683210?
2, 3, 5, 2495123
What are the prime factors of 536038163?
536038163
List the prime factors of 71973167.
7, 1279, 8039
List the prime factors of 2146062950.
2, 5, 4591, 9349
What are the prime factors of 314711007?
3, 13, 293, 27541
What are the prime factors of 180578961?
3, 233, 86113
What are the prime factors of 58391812?
2, 467, 31259
What are the prime factors of 21015520?
2, 5, 19, 31, 223
What are the prime factors of 6085981526?
2, 3042990763
List the prime factors of 199358441.
29, 41, 107, 1567
What are the prime factors of 50892749?
167, 193, 1579
What are the prime factors of 797605?
5, 159521
List the prime factors of 1802435453.
7, 13, 2829569
What are the prime factors of 2737408684?
2, 684352171
List the prime factors of 317552216.
2, 41, 968147
List the prime factors of 13021110.
2, 3, 5, 149, 971
What are the prime factors of 453665827?
641, 707747
List the prime factors of 174697503.
3, 58232501
List the prime factors of 6096133246.
2, 7, 37, 53, 233, 953
List the prime factors of 1821496032.
2, 3, 29, 139, 523
List the prime factors of 37453308.
2, 3, 3121109
List the prime factors of 181327073.
181327073
List the prime factors of 1294793073.
3, 7, 23, 29, 10271
What are the prime factors of 2750607?
3, 131, 2333
List the prime factors of 107836457.
17, 19, 563, 593
List the prime factors of 315673352.
2, 29, 151, 9011
List the prime factors of 518065569.
3, 7, 131, 62773
What are the prime factors of 52334180?
2, 5, 59, 44351
List the prime factors of 580465866.
2, 3, 96744311
What are the prime factors of 74354189?
7, 13, 173, 4723
What are the prime factors of 1830001157?
73, 1193, 21013
What are the prime factors of 6187050?
2, 3, 5, 4583
List the prime factors of 308528723.
229, 1347287
What are the prime factors of 2273112526?
2, 43, 614687
What are the prime factors of 298908444?
2, 3, 241, 103357
What are the prime factors of 48683655?
3, 5, 1081859
List the prime factors of 38731634.
2, 41, 331, 1427
List the prime factors of 2613176527.
13, 31, 239, 2087
List the prime factors of 778690512.
2, 3, 71, 76163
List the prime factors of 246981805.
5, 7, 31, 1049
List the prime factors of 2895797165.
5, 579159433
What are the prime factors of 417538382?
2, 853, 244747
What are the prime factors of 28499013?
3, 31, 79, 431
What are the prime factors of 670754546?
2, 7, 11, 395959
List the prime factors of 880381410.
2, 3, 5, 53, 553699
List the prime factors of 19651315.
5, 23, 170881
What are the prime factors of 224189612?
2, 56047403
List the prime factors of 320282044.
2, 80070511
What are the prime factors of 41684713?
7, 571, 10429
What are the prime factors of 104061029?
17, 131, 46727
What are the prime factors of 2306807277?
3, 768935759
List the prime factors of 1929532943.
13, 37, 181, 599
What are the prime factors of 11771928?
2, 3, 7, 23357
List the prime factors of 67996068.
2, 3, 7, 29, 103, 271
What are the prime factors of 6072624009?
3, 17, 1013, 39181
List the prime factors of 51632134.
2, 25816067
What are the prime factors of 624030801?
3, 881, 236107
List the prime factors of 1939840097.
13, 17, 31, 103, 2749
What are the prime factors of 1828516823?
7, 261216689
List the prime factors of 282200339.
331, 852569
List the prime factors of 1241837277.
3, 31, 349, 38261
What are the prime factors of 2651125451?
13, 29, 73, 96331
List the prime factors of 417021091.
417021091
What are the prime factors of 199468123?
17, 11733419
List the prime factors of 53434254.
2, 3, 1489, 5981
List the prime factors of 126287807.
126287807
What are the prime factors of 42948055?
5, 163, 52697
What are the prime factors of 140728691?
140728691
List the prime factors of 1370941169.
13, 59, 1787407
List the prime factors of 18954971.
7, 2707853
List the prime factors of 590833885.
5, 118166777
List the prime factors of 178886945.
5, 35777389
What are the prime factors of 89612446?
2, 7, 11, 37, 15727
What are the prime factors of 150116610?
2, 3, 5, 7, 714841
What are the prime factors of 121953183?
3, 11, 3695551
List the prime factors of 3096115.
5, 11, 41, 1373
List the prime factors of 564140605.
5, 7, 16118303
List the prime factors of 1493934809.
47, 269, 118163
List the prime factors of 25211868.
2, 3, 11, 389, 491
What are the prime factors of 798646049?
798646049
What are the prime factors of 720296187?
3, 13, 641, 28813
List the prime factors of 354345599.
354345599
List the prime factors of 1988605552.
2, 37, 467, 7193
What are the prime factors of 78009849?
3, 509, 17029
What are the prime factors of 42656465?
5, 31, 149, 1847
What are the prime factors of 450